 3
Let k(a) = -2*a - 50 - 20*a + 2*a - 18*a. List the prime factors of k(-5).
2, 5, 7
What are the prime factors of -3 + (-456700)/(-65) + (-20)/130?
3, 2341
Let o(z) = 4*z**2 - z - 2. Let f be o(2). Suppose l + 94490 = f*l. List the prime factors of l/55 - (-6)/(-33).
2, 3, 13
Let a(l) be the second derivative of -35*l**3/6 + 18*l**2 + 82*l. List the prime factors of a(-14).
2, 263
Let u be (-6)/14 - (-507)/7. Suppose -u - 1476 = -4*c. What are the prime factors of c?
3, 43
Suppose 0 = 4*y - 1726 - 598. Suppose -2*g = -3*g + 3*m + 142, -m = 4*g - y. What are the prime factors of g*1*3/3?
5, 29
List the prime factors of 8/(-6) + (-54731875)/(-1425).
193, 199
Let t = -912 + 313. Let r = t + 1127. What are the prime factors of r?
2, 3, 11
Suppose 5*z + 5*i = 1080, 5*z - 21*i = -18*i + 1072. Suppose 2*g - 5*g + 387 = 0. Let s = z - g. What are the prime factors of s?
2, 43
What are the prime factors of 30/12 - 2*((-16830)/8 + 0)?
2, 5, 421
Let w(j) = 6*j + 23. Let p be w(-3). Suppose 234 + 156 = p*o. List the prime factors of o.
2, 3, 13
Suppose 0 = 220*f - 837612 - 852428. What are the prime factors of f?
2, 23, 167
Let j(r) be the second derivative of 43*r**4/12 + 3*r**3/2 - r**2/2 + 244*r. What are the prime factors of j(6)?
1601
Let o(w) = 12*w**2 - 45*w - 8. Let b be o(4). Suppose 2102 = 4*a - g, 2*a + 1058 = 4*a - b*g. What are the prime factors of a?
3, 5, 7
Let s = 6746 - 475. What are the prime factors of s?
6271
Suppose 6*r + 46 - 64 = 0. Suppose 2*f - 4*b + 332 = -2*f, -r*f - 5*b = 225. Let y = f + 238. What are the prime factors of y?
2, 79
Suppose -182940 = -326*o + 322*o + 4*b, 3*b + 45717 = o. What are the prime factors of o?
2, 3, 953
Suppose 4*o - 57752 = -5*t, 2503*o - 2499*o = -3*t + 57760. What are the prime factors of o?
11, 13, 101
Suppose 2*m + 80 = x, 3*x + 138 = -3*m - 0*x. Let u = m + 16. Let r = 52 - u. List the prime factors of r.
2, 3, 13
Let n be (0 - 58/(-1))/(-168 + 167). Let f = 786 + n. What are the prime factors of f?
2, 7, 13
Let s(g) = -53 + g**2 + 49 + 3*g + 125. Let f be s(0). Suppose k - f = -2*j, k + 125 = 2*j + 6*k. List the prime factors of j.
2, 3, 5
Let h(p) = 2*p**3 - 39*p**2 - 112*p + 1199. List the prime factors of h(28).
3, 3797
List the prime factors of 3 + 3/3 - (-8804 - -26).
2, 4391
Suppose 3*v + 9054 = 5*l, -l + 3616 = l - 4*v. Suppose -6*m + l = -0*m. Suppose -5*r + 599 = -k - m, 0 = 3*r + 2*k - 551. List the prime factors of r.
181
Let c = -11 - 39. Suppose -2*j - 12 = j. Let u = j - c. List the prime factors of u.
2, 23
Let n(d) be the third derivative of 7*d**5/20 - 5*d**4/24 - 3*d**3/2 - 2*d**2 - 38. List the prime factors of n(-3).
3, 5, 13
Let y(a) be the third derivative of -a**4/24 + 2*a**3/3 - 4*a**2. Let d be y(2). Suppose -d*l - 2*l + 368 = -5*n, l - 91 = n. List the prime factors of l.
3, 29
Let y(x) be the third derivative of 0 + 3/4*x**4 + 5*x**2 + 1/15*x**5 + 0*x - 1/6*x**3. List the prime factors of y(-8).
3, 37
What are the prime factors of (3/6)/(10/693340)?
34667
Let g = 3344 + -84. List the prime factors of g.
2, 5, 163
Suppose 8*b - 10*b + 334 = 0. Suppose 0 = 2*f - 3*f - 2*q - b, -662 = 4*f + 5*q. Let o = f + 247. What are the prime factors of o?
2, 3, 7
Let n(k) = -k**3 - 4*k**2 - 4*k - 11. Let q be n(-4). Let h(f) = 3*f + 21. Let l be h(-7). Suppose -x = -d + 163 + 45, l = x + q. List the prime factors of d.
7, 29
Let p = -19566 - -25813. List the prime factors of p.
6247
Let q(c) = c**3 + 20*c**2 + 22*c + 33. Suppose -6*a + 663 = -45*a. What are the prime factors of q(a)?
2, 263
Suppose -13*a - 10597 = -27861. Suppose 4*i - a - 688 = 0. List the prime factors of i.
2, 3, 7
Let r = 1642 - 1656. Let v be (-1 - 1) + (19 - 1). Let f = v + r. What are the prime factors of f?
2
Let s = -4110 + 4844. What are the prime factors of s?
2, 367
Let u = 603 - -5994. List the prime factors of u.
3, 733
Suppose -4*c + 30*d = 27*d - 23600, 0 = 3*c + 4*d - 17725. What are the prime factors of c?
5903
Suppose 0 = 915*b - 966*b + 244647. List the prime factors of b.
3, 13, 41
Let w = -3731 + 22547. List the prime factors of w.
2, 3, 7
Let g(l) = -l**2 + 17*l + 20. Let i be g(18). List the prime factors of 4 + (i - 5) - -241.
2, 11
Let d(s) = -s**3 - s**2 - 7*s + 9. Let c be d(-7). Suppose 3*l + 0*y = -y + c, 5*y - 332 = -3*l. List the prime factors of l.
7, 17
Suppose 0 = 5*b - 3*y - 555, 4*b - 674 = -y - 247. Let g = b + -114. What are the prime factors of (716/g)/((-12)/18)?
179
Let h = -2614 + 6583. List the prime factors of h.
3, 7
Let z = 1 + 2. Suppose z*p = -m - 67 + 181, 4*p - 559 = -5*m. Let d = m + -49. List the prime factors of d.
2, 31
Let g(b) = 11*b - 7. Let f(d) = 4*d + 7. Let z be f(-4). Let r(t) = 3*t - 2. Let s(i) = z*r(i) + 2*g(i). What are the prime factors of s(-2)?
2, 7
Let n = 69967 + -7412. List the prime factors of n.
5, 12511
Let w = -300 + 395. Suppose -88*r = -w*r + 1904. What are the prime factors of r?
2, 17
Let q be (1/2)/(2/84) - 3. Suppose 3*y = -5*w - q, -13 = 4*y - 2*w + 5*w. Let j(n) = -34*n - 1. List the prime factors of j(y).
3, 11
Let g(u) = -4*u - 9*u + 17 + 12*u. Let r be g(5). Let l(o) = 7*o - 17. List the prime factors of l(r).
67
Let k = 46 - 47. Let z be 3/12*k + (-119)/(-28). Suppose z*l - 3*h - 592 = h, 2*l + h - 296 = 0. List the prime factors of l.
2, 37
Let z = 35 + -105. Let p = z + 75. Suppose 3*h = p*w - 273, -196 = -4*w - 4*h + 48. What are the prime factors of w?
3, 19
Let h = -46 - -49. Suppose -h*v = -2*n + 3*n - 17, -5*v - 4*n = -40. Suppose a - 21 = -4*t, -4*t - 4 = -v*a - 20. What are the prime factors of t?
5
What are the prime factors of (-1)/4 + ((-4705371)/(-108) - -38)?
2, 21803
Let h(z) = 199*z - 3. Let i be h(5). Suppose 0*o - 4*o - 7*p + 40 = 0, 4*o = 2*p - 32. List the prime factors of (i/(-6))/(-1) + o/12.
3, 5, 11
Let a(y) = -y**3 + 7*y**2 - 3*y + 3. Let q be a(7). Let k be (-4)/(64/12) + q/8. List the prime factors of (-3 + -3)*(1*-14 + k).
2, 3, 17
Suppose -3*z - 26*v + 21*v + 21664 = 0, 4*v + 14428 = 2*z. List the prime factors of z.
2, 3, 401
Let y = 108124 + -63598. What are the prime factors of y?
2, 3, 41, 181
Let f(a) = 15*a + 46. Let h(q) = 25*q - 8. Let p be h(-1). Let l be 12/(-20) - p/5. List the prime factors of f(l).
2, 17
Let d be (-8)/(-6)*(387/18 - 8). Suppose -12519 = 5*g - d*g. List the prime factors of g.
3, 107
Let s(b) = -b**3 - 6*b**2 - 8*b + 15. Let n = -6 - -6. Suppose n = -10*f + 7 - 77. What are the prime factors of s(f)?
2, 3, 5
Let c = -29 - -66. Let l(p) = c - 23 + p + 25. What are the prime factors of l(-14)?
5
Let c(v) = v**3 - 14*v**2 - 14*v - 15. Suppose -31 = -3*b + 14. Let g be c(b). Suppose -3*z + 402 = 3*h, g = 2*h - 9 + 1. What are the prime factors of z?
2, 5, 13
Let l = -1 + -3. Let f be ((-12)/4 - l)*6. Suppose f*h = -h + 826. What are the prime factors of h?
2, 59
Let y(s) = -s**2 - 12*s - 33. Let d be y(-6). Suppose 299 = -d*x + 4*x - w, -x + 3*w = -293. Suppose 5*j - x - 118 = 0. List the prime factors of j.
2, 3, 7
Let u be (-3 + -7)*(0 + (-2)/4). Suppose 11*i = -u*i + 3152. List the prime factors of i.
197
Let k(i) = -i**3 - 7*i**2 - 17*i + 72. Let z be k(-12). Let r = -7 + z. List the prime factors of r.
23, 43
Let m(v) = v - 6. Suppose 0 = 2*g - 16 + 6. Let l be m(g). List the prime factors of 746/4 - l/6*3.
11, 17
Let c = 33 - -42. Suppose c = w + 20. What are the prime factors of 2/5 + 3003/w?
5, 11
Suppose 45*n - 1988679 = 300741. What are the prime factors of n?
2, 7, 23, 79
Let p be (5 + (-98)/21)*36. Suppose 6*t - p*t = -3444. What are the prime factors of t?
2, 7, 41
Let a be (3335/(-58))/(2/(-36)). Suppose 6*q - 4749 + a = 0. Let z = -389 + q. What are the prime factors of z?
2, 5, 23
Let t = 770 - 595. Let u = 346 - t. List the prime factors of u.
3, 19
Let r = -112 + 114. Suppose 3*t - 1522 = -4*m, -4*t - r*m - 663 + 2679 = 0. List the prime factors of t.
2, 251
Let q = -4335 + 24332. What are the prime factors of q?
19997
Let k(r) = 22*r + 1 + 8 + 34 + 12. What are the prime factors of k(13)?
11, 31
Let i be 78/(-18)*-1*9. List the prime factors of (-3)/2*(15 - i).
2, 3
Let w = 504 - 506. Let v(o) = 220*o**2 - o. List the prime factors of v(w).
2, 3, 7
Let k(h) = -h**3 - 4*h**2 - 3*h + 3. Let s be k(-3). Suppose 3*q - 1083 = -g, -s*g + 186 = 2*q - 536. 